st common factor of 18 and s.
6
Suppose v = -2, 3*c + 29 = 2*c - 4*v. Let m = c + 33. Calculate the highest common divisor of 48 and m.
12
Let k be (1 - 3)/4*-8. Let a be 1*3 - (4 - 3). Calculate the highest common divisor of a and k.
2
Let h be (-25 + 0 + -1)*(-10)/4. What is the highest common divisor of 5 and h?
5
Suppose w + 0*k = 3*k + 170, 325 = 2*w - k. What is the highest common divisor of w and 46?
23
Let s = -8 + 14. Let p(c) = -c**3 + 7*c**2 - c - 4. Let r be p(s). Let j be 64 - -2 - 2/2. What is the highest common divisor of r and j?
13
Let g be (169/(-26))/((-1)/2). Calculate the greatest common factor of g and 13.
13
Suppose 0 = 2*g + g. Let l(v) = -v**3 - 6*v**2 - 3*v - 9. Let t be l(-6). Let y = t + g. Calculate the highest common divisor of y and 27.
9
Let o be -2 - (0 + -2 - 2). Let d be (-2 - (-190)/4)*o. Let c = -182 + 195. Calculate the highest common divisor of c and d.
13
Suppose 2*t - 54 = 4*u, 7 = -4*u + 3. Suppose 7*c - 2*c - 5*l - 25 = 0, -4*l - 11 = -c. Suppose c*r = r + 10. What is the greatest common factor of t and r?
5
Let n = -38 + 66. Let x be (28/16)/(2/48). What is the greatest common divisor of x and n?
14
Let c(q) = 4*q - 6. Let k be c(4). Suppose 0 = -4*j - k - 2. Let d be 2 - (j - 0/(-1)). Calculate the highest common factor of d and 25.
5
Let g be -4 + 5 + 63*1. Suppose 2*q = 4*q - g. What is the highest common divisor of q and 8?
8
Suppose v - w - 7 = 0, 2*v - 21 = 3*w - 8*w. Suppose v = -4*b - 0*b, 2*o + 3*b = 2. What is the greatest common factor of 28 and o?
4
Suppose 3*n - 4*q = -58, -3*n + 15 = -2*q + 71. Let m be (-3)/6*n + -4. What is the highest common factor of m and 25?
5
Let x be (-6)/((1 + 0)*-2). Let q be 5/x - 2/3. Let d = 2 + -1. Calculate the greatest common divisor of q and d.
1
Let y(s) = 2*s - 8. Let u be y(7). Let o = 76 + -10. What is the highest common divisor of u and o?
6
Suppose -454 = -2*z - 118. Suppose 5*x - 3*k - 96 = x, 5*x = 3*k + 120. Calculate the highest common divisor of z and x.
24
Suppose -4*p = 7*i - 4*i - 73, 2*p + 112 = 4*i. Let o(f) = 3*f - 3. Let a be o(2). Calculate the highest common divisor of a and i.
3
Suppose -12*m = -8*m - 16. What is the greatest common factor of m and 36?
4
Let w = 1 + 1. Suppose x = w*x - 9. Let o(t) = 14*t - 1. Let d be o(2). What is the greatest common factor of d and x?
9
Let y be 8/(-6)*(-144)/32. Calculate the highest common divisor of 30 and y.
6
Suppose -h + 11 = -2*n, 3*h + 4 = -4*n - 3. Suppose h*d + 1 = -z - z, -3*d - 17 = -2*z. Let v = 1 - 0. Calculate the greatest common factor of v and z.
1
Let i(j) = j + 10. Let o be i(0). Let p(k) = 4*k + 6. Suppose a - 18 = -2*a. Let x be p(a). What is the highest common divisor of o and x?
10
Let f(b) = 12*b**2 - 2*b + 1. Let q be f(1). Suppose -q = -u + 16. Suppose -5*h - 2 = -u, s - 4*h = 46. What is the greatest common factor of 6 and s?
6
Suppose -k + 65 = 5*f, -3*f - 2*k + 41 + 5 = 0. Let l(y) = y**3 - 13*y**2 + 16*y + 6. Let b be l(f). Calculate the highest common factor of b and 18.
18
Suppose l = -0*l + 2. Let x be (2 - -7) + (l - 2). Calculate the greatest common factor of x and 36.
9
Let u(o) be the third derivative of -o**5/60 + o**4/24 + 64*o**3/3 + 3*o**2. Let k be u(0). Calculate the greatest common divisor of k and 16.
16
Let u(k) = -k + 80. Let p be u(0). Calculate the highest common factor of 200 and p.
40
Suppose 3 = -2*s + s + 4*g, 4*g + 15 = 3*s. Let j = s + -9. Suppose j = -2*k + 4, 4*k - 119 = -5*a + 384. What is the highest common divisor of 9 and a?
9
Let r(i) = 37*i - 1. Let w be r(1). Let a = w - -6. Calculate the highest common divisor of a and 6.
6
Let b = 23 - 11. Let p(k) = 29*k**2 - k. Let i be p(-1). Calculate the highest common divisor of i and b.
6
Suppose -q - 7*q = -192. Calculate the highest common factor of 36 and q.
12
Let x(b) = -4*b + 6. Let f be x(-3). Calculate the highest common divisor of 6 and f.
6
Let t be (-88)/(-9) + 2/9. Let c be 3/(45/245) - 8/6. Calculate the greatest common divisor of t and c.
5
Suppose 3*g + 2*s + 8 = 0, -4*g + s = -0*s - 4. Suppose g = 5*u - u - 16. What is the greatest common factor of 44 and u?
4
Let n be (2/5)/(3/15). Let m be (-5)/n*1*-8. Calculate the highest common factor of 10 and m.
10
Suppose -442 = -2*x - 0*x. Let f = x + -85. What is the highest common factor of f and 17?
17
Suppose m + 2*m = -9. Let a be 0 - m - (-5 + 2). Calculate the greatest common divisor of 2 and a.
2
Let z be 4/24 - 778/(-12). Calculate the greatest common divisor of z and 13.
13
Suppose -2*o = 2*x - 34, 3*o - 2*x = -2*o + 113. Suppose -o = 5*w - 1. Let b be (18/w)/((-3)/28). Calculate the highest common divisor of b and 28.
14
Let h be ((-27)/36)/(2/(-24)). Calculate the greatest common divisor of h and 36.
9
Let w(m) = m + 8. Suppose h + h + 12 = 0. Let j be w(h). Calculate the highest common divisor of 5 and j.
1
Let j = 2 + 28. Calculate the greatest common factor of j and 75.
15
Let y = 0 - -14. Suppose f - 19 = 5*t, 2*f + 3*t = t + y. Let g = 39 - f. Calculate the highest common factor of 12 and g.
6
Let r be 21/((-10)/(-8) - 6/24). Let z = 0 + 1. Suppose y - z = 2. What is the highest common divisor of r and y?
3
Let f = -58 + 82. Calculate the highest common factor of f and 3.
3
Let y = 14 + -8. Suppose z + 3 = y. What is the highest common divisor of 21 and z?
3
Suppose 7*u = 4*u + 5*t, -4*t = 0. Suppose u*y - 180 = -5*y. Calculate the highest common factor of y and 24.
12
Let t(r) = r**3 + 2*r - 2. Let n be t(1). Calculate the greatest common divisor of n and 11.
1
Suppose -2 = 5*c - 4*o - 25, 3*c - o - 11 = 0. Calculate the highest common divisor of 27 and c.
3
Let z = -1 + 0. Let h(c) = 4*c - 1 - 9*c - 16*c. Let p be h(z). Calculate the greatest common factor of p and 4.
4
Let f(w) = 2*w**3 + 3*w**2 - 2*w - 2. Let j be f(2). Let u be (-8)/(-2 - (-40)/j). Let r be 4/10 - 548/(-5). What is the highest common factor of r and u?
22
Suppose 3*a = 8*a - 10. Suppose 0 = -b - 3*v + 15, -4*v = a*b - 3*v - 15. What is the greatest common divisor of b and 3?
3
Suppose 174 = 8*l + 30. Calculate the highest common divisor of 36 and l.
18
Let z = -118 - -289. What is the highest common factor of z and 19?
19
Let l be 12/20 - 2241/(-15). Let m = l + -105. What is the highest common divisor of 30 and m?
15
Let z = -4 - -2. Let o be ((-24)/2)/(z*1). What is the greatest common divisor of o and 18?
6
Suppose -3*m - 9 = -0*m. Let h be (-35)/(-10)*(1 + m). Let d = h + 26. Calculate the highest common factor of d and 38.
19
Let q(r) = 5*r - 8. Let x be q(4). Calculate the greatest common factor of 60 and x.
12
Let a = 10 + -8. Suppose 4*j - 12 = -2*l, 3*j = -2*l - 0*j + 14. What is the highest common divisor of a and l?
2
Suppose 0 = -2*n + 259 - 37. Let t = n + -21. Calculate the greatest common factor of t and 10.
10
Let j(p) = 13*p**2 + p + 4. Let q be j(-5). Calculate the greatest common factor of 36 and q.
36
Suppose 2 + 8 = -2*u. Let h = -1 - u. Let v(w) = w. Let i be v(1). What is the greatest common factor of h and i?
1
Suppose 3*o + 16 = 5*o. Suppose 3*n - 1 - o = 0. Suppose 25 = -n*r + 91. Calculate the greatest common divisor of 2 and r.
2
Let p(z) = 2*z**2 + 22*z + 120. Let u be p(-8). Suppose -3*t + 69 = 4*r, 0 = -r + 2*t + 2 + 29. Let f = r - 13. Calculate the highest common factor of u and f.
8
Suppose -5*k = -25, 21 = -2*i - 0*i + 5*k. Let t be (-1 + -1)*(-11)/i. Let n(u) = -3*u - 10. Let b be n(-7). What is the greatest common factor of t and b?
11
Suppose 2*r - 23 - 21 = 0. What is the greatest common divisor of r and 55?
11
Let l = 57 + -36. Calculate the highest common factor of 63 and l.
21
Suppose -v + 117 = 4*w, -2*w - 8*v + 3*v + 45 = 0. Let d = -113 + 123. What is the highest common factor of w and d?
10
Let g be 17 + 4 + 4/(-4). Calculate the greatest common factor of 160 and g.
20
Let k = -8 + 12. Suppose -5 = -3*t - 2. What is the highest common factor of t and k?
1
Suppose -12*q = 3*n - 7*q - 80, -3*n + 84 = 3*q. Calculate the greatest common factor of 10 and n.
10
Let i(b) = 15*b - 18. Let c be i(4). Calculate the greatest common divisor of 14 and c.
14
Let c = -6 + 8. Let q be ((-2)/5)/(c/(-20)). Suppose 0 = 2*w - 5*y - 11, -8 = -3*w - q*y + 20. What is the greatest common factor of 72 and w?
8
Let y be